{"id":93,"date":"2021-01-15T22:26:39","date_gmt":"2021-01-15T21:26:39","guid":{"rendered":"http:\/\/cafcapire.unical.it\/?page_id=93"},"modified":"2021-12-02T11:05:23","modified_gmt":"2021-12-02T10:05:23","slug":"comunicato-stampa","status":"publish","type":"page","link":"https:\/\/cafcapire.unical.it\/?page_id=93","title":{"rendered":"Comunicato Stampa"},"content":{"rendered":"\n<p>FONDO ASILO, MIGRAZIONE E INTEGRAZIONE (FAMI) 2014-2020 Obiettivo Specifico 2.Integrazione \/ Migrazione legale &#8211; Obiettivo nazionale ON 3 &#8211; Capacity building lett. j) Governance dei servizi &#8211; Capacity building 2018<\/p>\n\n\n\n<p class=\"has-text-align-center\"><strong>PROGETTO CA.P.I.RE. (CAPACITAZIONE PUBBLICA INTERVENTI REGIONALI) CALABRIA<\/strong><br><strong>Avvio attivit\u00e0 PROGETTO CA.P.I.RE (CAPACITAZIONE PUBBLICA INTERVENTI REGIONALI) CALABRIA <\/strong><br><strong>Comunicato stampa<\/strong><\/p>\n\n\n\n<p><\/p>\n\n\n\n<p>La Regione Calabria, attraverso il Dipartimento Tutela della Salute e Servizi Sociali e Socio \u2013 Sanitari Settore Immigrazione, Nuove marginalit\u00e0 e inclusione sociale \u2013 Centro antidiscriminazione e Servizio civile, come soggetto titolare capofila, ed il Dipartimento di Scienze Politiche e Sociali UNICAL, come ente attuatore, sono risultati vincitori all\u2019interno di una selezione nazionale di un finanziamento per la realizzazione di un progetto, denominato CA.P.I.RE (CApacitazione Pubblica Interventi REgionali) avente come scopo quello di migliorare e monitorare la gestione del fenomeno migratorio sotto l\u2019aspetto della programmazione ed erogazione dei servizi amministrativi.<\/p>\n\n\n\n<p>Il progetto \u00e8 espressamente indirizzato a creare le premesse per l\u2019aggiornamento ed il rafforzamento delle competenze teoriche ed operative sia di dipendenti pubblici che di operatori del privato sociale impegnati nella gestione e nella programmazione delle politiche che hanno al centro i diversi aspetti dei fenomeni migratori.<\/p>\n\n\n\n<p>L\u2019intero progetto &#8211; finanziato dal Fondo Asilo Migrazione e Integrazione (Fami) e dal Ministero dell\u2019Interno con una dotazione di circa 242.000 euro &#8211; si avvarr\u00e0 di una metodologia capace di orientare le azioni previste verso una prospettiva integrata di risoluzione dei problemi complessi legati ai fenomeni migratori.<\/p>\n\n\n\n<p>Sono previsti tre diversi percorsi che siano di lunga durata e propedeutici alla costituzione, sul territorio regionale, di infrastrutture di rete e di buone pratiche replicabili per rafforzare e sviluppare gli aspetti del sistema europeo comune di asilo teso a sostenere la migrazione legale verso gli Stati membri e promuovere l\u2019effettiva integrazione dei cittadini di Paesi terzi nelle societ\u00e0 ospitanti.<\/p>\n\n\n\n<p>Il progetto include con un <a href=\"https:\/\/cafcapire.unical.it\/?page_id=184\">Corso di Alta Formazione, che nel 2022 vedr\u00e0 la seconda edizione, e che avr\u00e0 inizio a  gennaio<\/a> e che vedr\u00e0 impegnati docenti italiani e stranieri (da universit\u00e0 francesi e greche) nonch\u00e9 esperti di rappresentanti della societ\u00e0 civile. Le attivit\u00e0 si propongono di fornire strumenti idonei per acquisire un livello di formazione che vada nella direzione di un approfondimento delle ricadute sociali dei fenomeni migratori, dell\u2019impatto che hanno sui contesti di partenza e su quelli di arrivo e della determinazione dei migranti come soggetti portatori di diritti.<\/p>\n\n\n\n<p>La seconda tappa progettuale \u00e8 centrata sulla realizzazione di ricerca quantitativa mediante una survey nazionale avente per oggetto la percezione della presenza straniera nel nostro Paese, delle paure che essa genera, della sensazione di pericolo ma anche le eventuali potenzialit\u00e0. La ricerca sar\u00e0 effettuata mediante interviste telefoniche ad un campione rappresentativo della popolazione nazionale, presso il Laboratorio Cati &#8220;G.Colasanti&#8221; del Dipartimento di Scienze Politiche e Sociali dell\u2019UNICAL. &nbsp;<\/p>\n\n\n\n<p>Il terzo percorso infine, prevede una fase conclusiva di accompagnamento da svolgersi sui territori, mediante azioni mirate di animazione (laboratori) che coinvolgano gli operatori impegnati nei servizi.<\/p>\n\n\n\n<p>Dalle diverse azioni di formazione e di animazione, dovranno scaturire stipule di protocolli d\u2019intesa tra Enti ed Istituzioni propedeutici allo sviluppo ed all\u2019implementazione di progetti sui territori che vedano come soggetti protagonisti le diverse ramificazioni delle Pubbliche Amministrazioni (Prefetture, Questure, Comuni, Scuole, eccetera).<\/p>\n\n\n\n<p><a href=\"https:\/\/cafcapire.unical.it\/?page_id=184\" target=\"_blank\" rel=\"noreferrer noopener\">Qui il Programma della seconda edizione del CA<\/a><a rel=\"noreferrer noopener\" href=\"https:\/\/cafcapire.unical.it\/?page_id=184\" target=\"_blank\">F<\/a><\/p>\n","protected":false},"excerpt":{"rendered":"<p>FONDO ASILO, MIGRAZIONE E INTEGRAZIONE (FAMI) 2014-2020 Obiettivo Specifico 2.Integrazione \/ Migrazione legale &#8211; Obiettivo nazionale ON 3 &#8211; Capacity building lett. j) Governance dei servizi &#8211; Capacity building 2018 PROGETTO CA.P.I.RE. (CAPACITAZIONE PUBBLICA INTERVENTI REGIONALI) CALABRIAAvvio attivit\u00e0 PROGETTO CA.P.I.RE (CAPACITAZIONE PUBBLICA INTERVENTI REGIONALI) CALABRIA Comunicato stampa La Regione Calabria, attraverso il Dipartimento Tutela della<a class=\"more-link\" href=\"https:\/\/cafcapire.unical.it\/?page_id=93\">Continua a leggere <span class=\"screen-reader-text\">&#8220;Comunicato Stampa&#8221;<\/span><\/a><\/p>\n","protected":false},"author":2,"featured_media":0,"parent":0,"menu_order":0,"comment_status":"closed","ping_status":"closed","template":"","meta":{"pgc_meta":"","footnotes":""},"class_list":["post-93","page","type-page","status-publish","hentry","entry"],"pgc_meta":"","_links":{"self":[{"href":"https:\/\/cafcapire.unical.it\/index.php?rest_route=\/wp\/v2\/pages\/93","targetHints":{"allow":["GET"]}}],"collection":[{"href":"https:\/\/cafcapire.unical.it\/index.php?rest_route=\/wp\/v2\/pages"}],"about":[{"href":"https:\/\/cafcapire.unical.it\/index.php?rest_route=\/wp\/v2\/types\/page"}],"author":[{"embeddable":true,"href":"https:\/\/cafcapire.unical.it\/index.php?rest_route=\/wp\/v2\/users\/2"}],"replies":[{"embeddable":true,"href":"https:\/\/cafcapire.unical.it\/index.php?rest_route=%2Fwp%2Fv2%2Fcomments&post=93"}],"version-history":[{"count":5,"href":"https:\/\/cafcapire.unical.it\/index.php?rest_route=\/wp\/v2\/pages\/93\/revisions"}],"predecessor-version":[{"id":189,"href":"https:\/\/cafcapire.unical.it\/index.php?rest_route=\/wp\/v2\/pages\/93\/revisions\/189"}],"wp:attachment":[{"href":"https:\/\/cafcapire.unical.it\/index.php?rest_route=%2Fwp%2Fv2%2Fmedia&parent=93"}],"curies":[{"name":"wp","href":"https:\/\/api.w.org\/{rel}","templated":true}]}}